{"id":3971,"date":"2021-03-09T22:55:25","date_gmt":"2021-03-09T22:55:25","guid":{"rendered":"http:\/\/tienda.venteks.com\/?post_type=product&#038;p=3971"},"modified":"2021-03-16T19:27:48","modified_gmt":"2021-03-16T19:27:48","slug":"generador-de-ozono-serie-habitaciones-300mg-h","status":"publish","type":"product","link":"https:\/\/v-electronics.com.mx\/index.php\/product\/generador-de-ozono-serie-habitaciones-300mg-h\/","title":{"rendered":"Generador de Ozono Serie Habitaciones 300mg\/h"},"content":{"rendered":"<p>Su uso es pr\u00e1ctico y econ\u00f3mico, ya que no requiere de insumos adicionales. El ozono es generado del oxigeno del aire ambiente y segundos despu\u00e9s de actuar, el 100% del gas regresa a ser ox\u00edgeno, por lo que no deja residuos t\u00f3xicos en su uso.<\/p>\n","protected":false},"excerpt":{"rendered":"<p>Ideal para desinfecci\u00f3n de habitaciones, ba\u00f1os, bodegas y cualquier espacio peque\u00f1o. Recomendable para uso en Hoteles, Hospitales, y Hogares.<\/p>\n<p>&nbsp;<\/p>\n","protected":false},"featured_media":3977,"template":"","meta":[],"product_brand":[],"product_cat":[15],"product_tag":[],"class_list":{"0":"post-3971","1":"product","2":"type-product","3":"status-publish","4":"has-post-thumbnail","6":"product_cat-uncategorized","8":"first","9":"instock","10":"shipping-taxable","11":"purchasable","12":"product-type-simple"},"yoast_head":"<!-- This site is optimized with the Yoast SEO plugin v25.8 - https:\/\/yoast.com\/wordpress\/plugins\/seo\/ -->\n<title>Generador de Ozono Serie Habitaciones 300mg\/h | V-electronics |<\/title>\n<meta name=\"description\" content=\"Generador de ozono para uso en habitaciones. Genera 300 mg\/h y est\u00e1 dise\u00f1ado para ser fijado en habitaciones o espacios de dimensi\u00f3n similar.\" \/>\n<meta name=\"robots\" content=\"index, follow, max-snippet:-1, max-image-preview:large, max-video-preview:-1\" \/>\n<link rel=\"canonical\" href=\"https:\/\/v-electronics.com.mx\/index.php\/product\/generador-de-ozono-serie-habitaciones-300mg-h\/\" \/>\n<meta property=\"og:locale\" content=\"es_MX\" \/>\n<meta property=\"og:type\" content=\"article\" \/>\n<meta property=\"og:title\" content=\"Generador de Ozono Serie Habitaciones 300mg\/h | V-electronics |\" \/>\n<meta property=\"og:description\" content=\"Generador de ozono para uso en habitaciones. Genera 300 mg\/h y est\u00e1 dise\u00f1ado para ser fijado en habitaciones o espacios de dimensi\u00f3n similar.\" \/>\n<meta property=\"og:url\" content=\"https:\/\/v-electronics.com.mx\/index.php\/product\/generador-de-ozono-serie-habitaciones-300mg-h\/\" \/>\n<meta property=\"og:site_name\" content=\"V-electronics\" \/>\n<meta property=\"article:modified_time\" content=\"2021-03-16T19:27:48+00:00\" \/>\n<meta property=\"og:image\" content=\"https:\/\/v-electronics.com.mx\/wp-content\/uploads\/2021\/03\/generador-de-Ozono-Serie-Habitaciones-frontal.jpg\" \/>\n\t<meta property=\"og:image:width\" content=\"600\" \/>\n\t<meta property=\"og:image:height\" content=\"600\" \/>\n\t<meta property=\"og:image:type\" content=\"image\/jpeg\" \/>\n<meta name=\"twitter:card\" content=\"summary_large_image\" \/>\n<script type=\"application\/ld+json\" class=\"yoast-schema-graph\">{\"@context\":\"https:\/\/schema.org\",\"@graph\":[{\"@type\":\"WebPage\",\"@id\":\"https:\/\/v-electronics.com.mx\/index.php\/product\/generador-de-ozono-serie-habitaciones-300mg-h\/\",\"url\":\"https:\/\/v-electronics.com.mx\/index.php\/product\/generador-de-ozono-serie-habitaciones-300mg-h\/\",\"name\":\"Generador de Ozono Serie Habitaciones 300mg\/h | V-electronics |\",\"isPartOf\":{\"@id\":\"https:\/\/v-electronics.com.mx\/#website\"},\"primaryImageOfPage\":{\"@id\":\"https:\/\/v-electronics.com.mx\/index.php\/product\/generador-de-ozono-serie-habitaciones-300mg-h\/#primaryimage\"},\"image\":{\"@id\":\"https:\/\/v-electronics.com.mx\/index.php\/product\/generador-de-ozono-serie-habitaciones-300mg-h\/#primaryimage\"},\"thumbnailUrl\":\"https:\/\/v-electronics.com.mx\/wp-content\/uploads\/2021\/03\/generador-de-Ozono-Serie-Habitaciones-frontal.jpg\",\"datePublished\":\"2021-03-09T22:55:25+00:00\",\"dateModified\":\"2021-03-16T19:27:48+00:00\",\"description\":\"Generador de ozono para uso en habitaciones. Genera 300 mg\/h y est\u00e1 dise\u00f1ado para ser fijado en habitaciones o espacios de dimensi\u00f3n similar.\",\"breadcrumb\":{\"@id\":\"https:\/\/v-electronics.com.mx\/index.php\/product\/generador-de-ozono-serie-habitaciones-300mg-h\/#breadcrumb\"},\"inLanguage\":\"es\",\"potentialAction\":[{\"@type\":\"ReadAction\",\"target\":[\"https:\/\/v-electronics.com.mx\/index.php\/product\/generador-de-ozono-serie-habitaciones-300mg-h\/\"]}]},{\"@type\":\"ImageObject\",\"inLanguage\":\"es\",\"@id\":\"https:\/\/v-electronics.com.mx\/index.php\/product\/generador-de-ozono-serie-habitaciones-300mg-h\/#primaryimage\",\"url\":\"https:\/\/v-electronics.com.mx\/wp-content\/uploads\/2021\/03\/generador-de-Ozono-Serie-Habitaciones-frontal.jpg\",\"contentUrl\":\"https:\/\/v-electronics.com.mx\/wp-content\/uploads\/2021\/03\/generador-de-Ozono-Serie-Habitaciones-frontal.jpg\",\"width\":600,\"height\":600,\"caption\":\"generador_de_Ozono_Serie_Habitaciones_frontal\"},{\"@type\":\"BreadcrumbList\",\"@id\":\"https:\/\/v-electronics.com.mx\/index.php\/product\/generador-de-ozono-serie-habitaciones-300mg-h\/#breadcrumb\",\"itemListElement\":[{\"@type\":\"ListItem\",\"position\":1,\"name\":\"Inicio\",\"item\":\"https:\/\/v-electronics.com.mx\/\"},{\"@type\":\"ListItem\",\"position\":2,\"name\":\"Tienda\",\"item\":\"https:\/\/v-electronics.com.mx\/index.php\/tienda\/\"},{\"@type\":\"ListItem\",\"position\":3,\"name\":\"Generador de Ozono Serie Habitaciones 300mg\/h\"}]},{\"@type\":\"WebSite\",\"@id\":\"https:\/\/v-electronics.com.mx\/#website\",\"url\":\"https:\/\/v-electronics.com.mx\/\",\"name\":\"V-electronics\",\"description\":\"Vending Solutions\",\"publisher\":{\"@id\":\"https:\/\/v-electronics.com.mx\/#organization\"},\"potentialAction\":[{\"@type\":\"SearchAction\",\"target\":{\"@type\":\"EntryPoint\",\"urlTemplate\":\"https:\/\/v-electronics.com.mx\/?s={search_term_string}\"},\"query-input\":{\"@type\":\"PropertyValueSpecification\",\"valueRequired\":true,\"valueName\":\"search_term_string\"}}],\"inLanguage\":\"es\"},{\"@type\":\"Organization\",\"@id\":\"https:\/\/v-electronics.com.mx\/#organization\",\"name\":\"Vcommerce\",\"url\":\"https:\/\/v-electronics.com.mx\/\",\"logo\":{\"@type\":\"ImageObject\",\"inLanguage\":\"es\",\"@id\":\"https:\/\/v-electronics.com.mx\/#\/schema\/logo\/image\/\",\"url\":\"\",\"contentUrl\":\"\",\"caption\":\"Vcommerce\"},\"image\":{\"@id\":\"https:\/\/v-electronics.com.mx\/#\/schema\/logo\/image\/\"}}]}<\/script>\n<!-- \/ Yoast SEO plugin. -->","yoast_head_json":{"title":"Generador de Ozono Serie Habitaciones 300mg\/h | V-electronics |","description":"Generador de ozono para uso en habitaciones. Genera 300 mg\/h y est\u00e1 dise\u00f1ado para ser fijado en habitaciones o espacios de dimensi\u00f3n similar.","robots":{"index":"index","follow":"follow","max-snippet":"max-snippet:-1","max-image-preview":"max-image-preview:large","max-video-preview":"max-video-preview:-1"},"canonical":"https:\/\/v-electronics.com.mx\/index.php\/product\/generador-de-ozono-serie-habitaciones-300mg-h\/","og_locale":"es_MX","og_type":"article","og_title":"Generador de Ozono Serie Habitaciones 300mg\/h | V-electronics |","og_description":"Generador de ozono para uso en habitaciones. Genera 300 mg\/h y est\u00e1 dise\u00f1ado para ser fijado en habitaciones o espacios de dimensi\u00f3n similar.","og_url":"https:\/\/v-electronics.com.mx\/index.php\/product\/generador-de-ozono-serie-habitaciones-300mg-h\/","og_site_name":"V-electronics","article_modified_time":"2021-03-16T19:27:48+00:00","og_image":[{"width":600,"height":600,"url":"https:\/\/v-electronics.com.mx\/wp-content\/uploads\/2021\/03\/generador-de-Ozono-Serie-Habitaciones-frontal.jpg","type":"image\/jpeg"}],"twitter_card":"summary_large_image","schema":{"@context":"https:\/\/schema.org","@graph":[{"@type":"WebPage","@id":"https:\/\/v-electronics.com.mx\/index.php\/product\/generador-de-ozono-serie-habitaciones-300mg-h\/","url":"https:\/\/v-electronics.com.mx\/index.php\/product\/generador-de-ozono-serie-habitaciones-300mg-h\/","name":"Generador de Ozono Serie Habitaciones 300mg\/h | V-electronics |","isPartOf":{"@id":"https:\/\/v-electronics.com.mx\/#website"},"primaryImageOfPage":{"@id":"https:\/\/v-electronics.com.mx\/index.php\/product\/generador-de-ozono-serie-habitaciones-300mg-h\/#primaryimage"},"image":{"@id":"https:\/\/v-electronics.com.mx\/index.php\/product\/generador-de-ozono-serie-habitaciones-300mg-h\/#primaryimage"},"thumbnailUrl":"https:\/\/v-electronics.com.mx\/wp-content\/uploads\/2021\/03\/generador-de-Ozono-Serie-Habitaciones-frontal.jpg","datePublished":"2021-03-09T22:55:25+00:00","dateModified":"2021-03-16T19:27:48+00:00","description":"Generador de ozono para uso en habitaciones. Genera 300 mg\/h y est\u00e1 dise\u00f1ado para ser fijado en habitaciones o espacios de dimensi\u00f3n similar.","breadcrumb":{"@id":"https:\/\/v-electronics.com.mx\/index.php\/product\/generador-de-ozono-serie-habitaciones-300mg-h\/#breadcrumb"},"inLanguage":"es","potentialAction":[{"@type":"ReadAction","target":["https:\/\/v-electronics.com.mx\/index.php\/product\/generador-de-ozono-serie-habitaciones-300mg-h\/"]}]},{"@type":"ImageObject","inLanguage":"es","@id":"https:\/\/v-electronics.com.mx\/index.php\/product\/generador-de-ozono-serie-habitaciones-300mg-h\/#primaryimage","url":"https:\/\/v-electronics.com.mx\/wp-content\/uploads\/2021\/03\/generador-de-Ozono-Serie-Habitaciones-frontal.jpg","contentUrl":"https:\/\/v-electronics.com.mx\/wp-content\/uploads\/2021\/03\/generador-de-Ozono-Serie-Habitaciones-frontal.jpg","width":600,"height":600,"caption":"generador_de_Ozono_Serie_Habitaciones_frontal"},{"@type":"BreadcrumbList","@id":"https:\/\/v-electronics.com.mx\/index.php\/product\/generador-de-ozono-serie-habitaciones-300mg-h\/#breadcrumb","itemListElement":[{"@type":"ListItem","position":1,"name":"Inicio","item":"https:\/\/v-electronics.com.mx\/"},{"@type":"ListItem","position":2,"name":"Tienda","item":"https:\/\/v-electronics.com.mx\/index.php\/tienda\/"},{"@type":"ListItem","position":3,"name":"Generador de Ozono Serie Habitaciones 300mg\/h"}]},{"@type":"WebSite","@id":"https:\/\/v-electronics.com.mx\/#website","url":"https:\/\/v-electronics.com.mx\/","name":"V-electronics","description":"Vending Solutions","publisher":{"@id":"https:\/\/v-electronics.com.mx\/#organization"},"potentialAction":[{"@type":"SearchAction","target":{"@type":"EntryPoint","urlTemplate":"https:\/\/v-electronics.com.mx\/?s={search_term_string}"},"query-input":{"@type":"PropertyValueSpecification","valueRequired":true,"valueName":"search_term_string"}}],"inLanguage":"es"},{"@type":"Organization","@id":"https:\/\/v-electronics.com.mx\/#organization","name":"Vcommerce","url":"https:\/\/v-electronics.com.mx\/","logo":{"@type":"ImageObject","inLanguage":"es","@id":"https:\/\/v-electronics.com.mx\/#\/schema\/logo\/image\/","url":"","contentUrl":"","caption":"Vcommerce"},"image":{"@id":"https:\/\/v-electronics.com.mx\/#\/schema\/logo\/image\/"}}]}},"_links":{"self":[{"href":"https:\/\/v-electronics.com.mx\/index.php\/wp-json\/wp\/v2\/product\/3971","targetHints":{"allow":["GET"]}}],"collection":[{"href":"https:\/\/v-electronics.com.mx\/index.php\/wp-json\/wp\/v2\/product"}],"about":[{"href":"https:\/\/v-electronics.com.mx\/index.php\/wp-json\/wp\/v2\/types\/product"}],"wp:featuredmedia":[{"embeddable":true,"href":"https:\/\/v-electronics.com.mx\/index.php\/wp-json\/wp\/v2\/media\/3977"}],"wp:attachment":[{"href":"https:\/\/v-electronics.com.mx\/index.php\/wp-json\/wp\/v2\/media?parent=3971"}],"wp:term":[{"taxonomy":"product_brand","embeddable":true,"href":"https:\/\/v-electronics.com.mx\/index.php\/wp-json\/wp\/v2\/product_brand?post=3971"},{"taxonomy":"product_cat","embeddable":true,"href":"https:\/\/v-electronics.com.mx\/index.php\/wp-json\/wp\/v2\/product_cat?post=3971"},{"taxonomy":"product_tag","embeddable":true,"href":"https:\/\/v-electronics.com.mx\/index.php\/wp-json\/wp\/v2\/product_tag?post=3971"}],"curies":[{"name":"wp","href":"https:\/\/api.w.org\/{rel}","templated":true}]}}